 35 = 5*o, 4*d - 2*o = -10. Suppose -2*m + 2*v + 0*v + 15280 = d, -3*m + 4*v = -22921. Is m a composite number?
False
Let j(n) be the second derivative of n**5/10 - 25*n**4/4 - 97*n**3/6 + 51*n**2/2 - n - 28. Is j(41) composite?
False
Suppose j + 2 = 0, -4*j + 2*j = -5*f + 379. Let w = f + -70. Let y(s) = s**3 + 3*s**2 - 10*s + 8. Is y(w) prime?
False
Suppose 2*a - 3*c - 317204 = 0, -5*a - 242*c = -239*c - 793031. Is a a composite number?
True
Let l(t) = t**3 + 19*t**2 + 10*t - 13. Let d(m) = 6*m + 13. Let w be d(-18). Let q = 86 + w. Is l(q) prime?
False
Let l = -29 - -15. Let x(n) be the second derivative of -n**5/10 - 3*n**4/2 - n**3/2 - 23*n**2/2 + 22*n. Is x(l) a composite number?
False
Let a be (100/90)/((-6)/(-27)). Suppose -m - a*y + 1330 = 4*m, 0 = -5*m + 5*y + 1360. Is m prime?
True
Let g be (-9)/(-6) - 231/(-22). Let u be ((-1 - 2)*14)/(g/(-16)). Suppose 0 = -u*o + 61*o - 2675. Is o a prime number?
False
Suppose -t - v + 1509 = 0, -2*v = 4*t - t - 4524. Let b be (-1)/(-1*(-1)/887). Let c = t - b. Is c prime?
True
Let d = 222594 - 130543. Is d prime?
True
Suppose -8 = -5*d - 33, 78175 = 2*p + d. Suppose 5*q = -t + p, 55*t - 39060 = -5*q + 60*t. Is q composite?
False
Let m = 76934 - 52495. Is m composite?
False
Let h = 1202595 + -589696. Is h composite?
True
Let x = 134173 + -94334. Is x a prime number?
True
Suppose -57 + 7 = -10*l. Suppose -l = 5*m - 0*m. Is 648 - 5*m/(-5) composite?
False
Let l = -6821 - -3936. Let p = 1724 - l. Is p a composite number?
True
Let z(s) = -2*s**2 + s + 2. Let w be z(-1). Let o be -3*1 + (w - 0)*-5. Suppose 0 = -o*r - 10, b + 7*r = 2*r + 526. Is b a composite number?
True
Is (-35370531)/(-965) - 8/20 composite?
False
Suppose r = 4*c + 25, 0 = r - 3*c + 2*c - 13. Suppose 10*o = r*o + 3. Suppose -280 = o*i - 1042. Is i composite?
True
Suppose 6*v = -11 + 35. Suppose -5*d + 24 = -3*i, -v*d - i = -5*i - 24. Suppose -4*o + 2075 = 4*u - 7*u, d*o - 5*u = 1548. Is o a composite number?
False
Suppose -3*d - 76 = -82. Is 6846/d*(-2)/(-6) composite?
True
Suppose -3*x - 12 - 18 = 0. Let l(h) = 2*h**2 - 16*h - 8. Let b be l(9). Is (-2)/b*2 + (-6734)/x prime?
True
Suppose 0 = -5*p + 4*q + 136307, -3*p + 2*q + 41437 + 40346 = 0. Is p a composite number?
False
Let b(i) = 146 - 166 - 93 + 608*i. Is b(17) a prime number?
True
Let q be (-12)/(-18) - 4978/6. Let h = q - -4466. Is h a composite number?
False
Let r = 1351 + 774. Suppose 3*q + 1560 + 2255 = 2*v, 9566 = 5*v + 2*q. Let b = r + v. Is b a prime number?
False
Suppose 398 = 11*h - 9*h - 2*d, -410 = -2*h - d. Let f = 414 - h. Is f a composite number?
False
Let n(w) = -w**2 + 3*w + 56. Let i be n(-6). Suppose -i*r + 2*v = -11640, 5*r - 19900 = -v + 9170. Is r a composite number?
True
Suppose 9*k = 4*k + 4*o + 375, 2*k + 3*o = 150. Suppose 15*z - k = 10*z. Suppose a - 6*a + z = 0, 4*a + 143 = 5*c. Is c prime?
True
Suppose b - 3*b - 138 = 5*t, 3*t + 207 = -3*b. Let g = b - -77. Let n(o) = o + 27. Is n(g) a prime number?
False
Let q(k) = 8 + 18*k + 3 + 1 - 12*k**2 + 4 - 4*k**3. Let s be q(-13). Is 2*(-2)/((-8)/s) prime?
True
Suppose -9*f - 36 = -11*f. Is (-6)/27 + 43*286/f a prime number?
True
Let j(y) = 2159*y + 1. Let n be (3 + (-7 - 0))/(-2). Is j(n) a prime number?
False
Suppose -2*a - 1533*h = -1531*h - 64208, -64211 = -2*a + h. Is a prime?
False
Suppose 7*o = -2*p + 9*o + 500214, -2*o + 250113 = p. Is p prime?
True
Let o be (-2)/(-3)*(15 - 9). Suppose 40 = o*m + 6*m. Suppose 0 = -5*u, -p - u + 4105 = m*p. Is p a prime number?
True
Suppose -4*i + 80616 - 17044 = 0. Is i a composite number?
True
Let x(y) = -y**3 + 10*y**2 + y - 343. Is x(-45) a prime number?
False
Let j be ((-12)/10)/((-4)/(-80)). Let g = j - -29. Suppose 3*d - g*d = -70. Is d a composite number?
True
Let w(v) = 3*v**2 + 6*v - 4. Suppose -3*j + 10*j + 21 = 0. Let b be w(j). Suppose 126 = b*o - 3*g - 50, 3*o - 2*g = 105. Is o composite?
False
Let t(p) = -60*p - 5*p - 7 - 18 + 2*p. Let q be t(-16). Suppose 190 = -c + q. Is c a prime number?
False
Let b(u) = -833*u + 3368. Is b(-13) a composite number?
False
Let a = 138198 + -67607. Is a composite?
True
Suppose -4*h + 531335 = 2*f + 149883, 3*f + 3*h - 572196 = 0. Is f composite?
True
Let q = 42 - 46. Let r be (106/q - -2)/(5/(-190)). Let t = 2100 - r. Is t prime?
False
Let x = 264496 + -154537. Is x prime?
False
Suppose 0 = -b - 4*v + 57202, v + 0*v = 2*b - 114422. Suppose -16*x = -14*x - b. Suppose -4*y - 35759 = -5*w, -4*y + x = 4*w - 5*y. Is w composite?
False
Let c be (4/(-8))/(-1)*14596. Let b be c/10 + (-10)/(-50). Suppose 8*o = 10*o - b. Is o prime?
False
Is ((-96)/18)/16*-237117 composite?
False
Suppose 2*y - 3*o - 9 = 0, 2*y + 3*y = 4*o + 19. Suppose -5*f - 9 = y*k, 2*f - 5*k = -k - 14. Is 669/(3 + (f - -1)) composite?
True
Suppose -3*k + 277845 = 4*v, 10*k - 8*k - 185216 = 2*v. Is k a composite number?
True
Let h be 5*(-1308)/(-15)*2. Let f be (-4)/6*((-49647)/(-38) - 0). Is (-1)/(h/f - (-3 - -2)) a composite number?
True
Suppose -f - 3*q = -341386, -2*f - 2*q + 682747 = -q. Is f prime?
False
Is (-3887)/(-143) + -27 - -37418*45/22 a prime number?
True
Let u(g) be the first derivative of -g**4/4 - 19*g**3/3 + 13*g**2 + 11*g + 3. Let h = -287 - -266. Is u(h) a prime number?
True
Let m be ((-21)/14 - -2)*4. Let a = -14 + -20. Is (a/(-6))/(m - 317/159) a composite number?
True
Suppose -119*j + 32 = -103*j. Is (-2224182)/(-427) - j/(-14) composite?
False
Is (713034/(-8) + 4)/((-13)/52) composite?
False
Let f = 60675 + -19292. Is f prime?
False
Let f = 60 - 60. Suppose 4*t - 44 = -f. Suppose -4*x - 4*r = -303 + t, x - 57 = -5*r. Is x composite?
True
Let d(u) = u**3 - 7*u**2 + 14*u - 7. Let w = 66 - 72. Let z = w - -13. Is d(z) a prime number?
False
Let v(c) = c**3 + 7*c**2 + 3*c - 11. Let q be v(-6). Suppose -2*r = -5*d - 6274, -2*d = 3*r - q*r + 12516. Is r prime?
False
Suppose -5*u + 28 = -3*y, 3*u - 16 = 5*y - 4*y. Is 1255840/416 + y/(26/(-4)) a prime number?
True
Suppose 146*a = 149*a - 24045. Suppose 4318 + a = 3*z. Is z a prime number?
True
Let j(y) = 70301*y - 1373. Is j(8) a prime number?
False
Let y = 23 - 32. Let q = y + 21. Suppose -6*i = -q - 114. Is i composite?
True
Let f = -21240 + 31829. Is f prime?
True
Let u(h) = -80*h - 60. Let t be u(-16). Let b = 5953 - t. Is b composite?
False
Let t be (1 - -5) + 133634 + -17. Suppose 36*k - t = 423621. Is k composite?
True
Suppose -6064 = 5*z + 3*v - v, 5*z + 6050 = 5*v. Let k = z - -1799. Is k a composite number?
False
Suppose -5*n + 36 = 51. Let v(x) = -2*x + 1 + 8*x + 2*x**2 - 15*x**3 - x**2. Is v(n) prime?
True
Let r(z) = 5*z**2 + 67*z + 184409. Is r(0) composite?
False
Let q = -10 - -2. Let v(p) be the second derivative of -p**5/5 - p**4/4 - 5*p**3/3 + 5*p**2/2 + 4167*p. Is v(q) prime?
False
Suppose -2*l - 433792 = 6*l. Is (-4)/(-2)*l/(-32) a composite number?
False
Let h = -33 - -27. Let y(g) = g**3 + 7*g**2 + 5*g - 1. Let d be y(h). Is 1*(1935/d + 2) a composite number?
False
Is ((-1)/8*329548)/(4 - (-27)/(-6)) a prime number?
True
Let x(k) = -24913*k**3 - 22*k**2 - 25*k + 55. Is x(-5) composite?
True
Is -3*(-4)/12*264779 prime?
True
Let d(v) = -71*v**3 - 18*v**2 - 47*v - 513. Is d(-25) a composite number?
False
Suppose -5*g - 4422 = 2*z, 9*z - 4*z + 11078 = -g. Let q = z + 7285. Is q a prime number?
False
Is (2/4)/((-1276186)/(-765708) + (-175)/105) a composite number?
False
Suppose 13*y + 1248 = 5*y. Let v = -453 - y. Let p = 84 - v. Is p a prime number?
False
Let f = -132268 - -190979. Is f a prime number?
True
Suppose -8*y + 3*y = -4200. Let b = y - -13. Is b composite?
False
Suppose 831*i - 828*i - 60 = 0. Suppose 35*p = -i*p + 2050345. Is p a composite number?
True
Let o be -4 - -3 - (-2 - 2). Suppose -4*v + 6040 = o*p - 4*p, -p + 4 = 0. Is v a composite number?
False
Let v(w) = -w**2. Let c(f) = -316*f**2 + 9*f + 3. Let y(x) = -c(x) + 5*v(x). Is y(-2) prime?
True
Let h be 2/((-18)/(-4) + -4) + 3. Suppose -4*s + 4 = m, -5*s + h = 27. Suppose -2*n + 1583 = k + 210, 0 = -4*n + m. Is k prime?
False
Is (2/(-6))/(205/(-123)) + 16482624/30 composite?
False
Suppose -9822 = -8*v + 8578. Suppose 6*n - v - 6694 = 0. Is n a prime number?
True
Suppose 5*o - 7 = p, 36 + 5 = 2*p + o. Is ((-2405600)/36)/(-8) + 4/p a composite number?
False
Let f(a) = 148*a**2 - a + 3. Let n(o) = -741*o**2